t f(p) = -2*p**3 + 7*p**2 - 29*p + 238. Calculate f(6).
-116
Let q(o) = -13*o**3 + 3*o**2 + 2438*o + 2435. Determine q(-1).
13
Let q(c) = c**3 + 40*c**2 - 1285*c - 51721. What is q(-38)?
-3
Let x(u) = u**3 - 50*u**2 - 90*u + 1339. Calculate x(51).
-650
Let g(u) = -u**2 - 31*u + 24564. What is g(-173)?
-2
Let l(x) = 4*x**3 - 43*x**2 - 523*x + 1660. Give l(17).
-6
Let q(t) = 4*t**3 - 5*t**2 + 4*t + 144. What is q(-4)?
-208
Let x(f) = 1962*f - 514034. Give x(262).
10
Let s(n) = 766*n - 24482. Determine s(32).
30
Let i(k) = -3760*k - 21832. Give i(-6).
728
Let r(v) = -28*v**2 - 2803*v - 282. Calculate r(-100).
18
Let x(d) = -d**2 - 159*d + 329. Give x(-162).
-157
Let c(s) = -676*s**3 + 7*s - 13. Determine c(-1).
656
Let t(i) = -28*i**3 - 1905*i**2 - 72*i - 144. Determine t(-68).
128
Let f(s) = -4925*s - 320145. What is f(-65)?
-20
Let h(l) = 581*l**2 - 23261*l + 841. Calculate h(40).
1
Let d(t) = -3*t**2 + 1604*t - 168022. Give d(143).
3
Let i(a) = 100*a - 2455. Give i(11).
-1355
Let k(j) = -1247*j + 18599. What is k(15)?
-106
Let u(n) = -n**3 + 140*n**2 - 147*n + 40640. Give u(141).
32
Let r(c) = -1492*c + 168322. Determine r(112).
1218
Let t(k) = -2*k**2 - 55*k + 843. Calculate t(11).
-4
Let f(s) = s**3 - 112*s**2 + 693*s - 28173. Determine f(108).
15
Let s(q) = 3*q**2 + 810*q + 19990. What is s(-24)?
2278
Let f(v) = 1546*v - 35333. Determine f(23).
225
Let a(n) = 12*n**3 - 60*n**2 - 318*n + 1581. Calculate a(5).
-9
Let t(o) = 3*o**2 - 1936*o - 29729. Determine t(-15).
-14
Let y(h) = 9*h + 592. Give y(-2).
574
Let m(k) = -532747*k**2 + 1598242*k - 10. What is m(3)?
-7
Let n(g) = 4*g**3 + 112*g**2 + 740*g - 174. Determine n(-16).
274
Let h(y) = -y**3 + 12*y**2 + 9200*y + 1789. What is h(-90)?
-11
Let q(j) = -8*j**2 - 181*j + 160. Determine q(20).
-6660
Let w(f) = -547*f - 19697. Calculate w(-36).
-5
Let m(j) = 29521*j + 412895. Calculate m(-14).
-399
Let a(m) = 5806*m - 57644. What is a(10)?
416
Let m(b) = b**3 - 320*b**2 - 295*b - 9480. Determine m(321).
-1134
Let l(i) = i**2 - 1129*i + 56011. Give l(52).
7
Let p(g) = -245712*g + 17691259. Determine p(72).
-5
Let b(j) = -j**3 - 49*j**2 + 525*j - 111. Give b(9).
-84
Let k(y) = 12*y**2 - 780*y + 4856. What is k(58)?
-16
Let j(t) = 65*t**2 - 41*t - 102. Calculate j(-2).
240
Let q(p) = -p**3 + 413*p**2 - 28599*p - 82. Give q(88).
6
Let w(n) = -4867*n + 22511. Give w(4).
3043
Let r(b) = -b**2 + 1969*b - 15701. Determine r(8).
-13
Let q(c) = -c**2 + 35590*c - 1528593. What is q(43)?
-72
Let d(p) = 52847*p + 158540. Give d(-3).
-1
Let a(o) = 13*o**2 - 1166*o - 2469. What is a(92)?
291
Let r(t) = 2*t**3 - 20*t**2 - 11305*t + 79434. Determine r(7).
5
Let a(y) = 881*y**2 - 3860*y - 11. Determine a(2).
-4207
Let u(o) = o**3 - 7*o**2 - 313*o + 2370. Give u(8).
-70
Let m(z) = -2119*z - 487244. What is m(-230)?
126
Let q(h) = -21*h**3 - 5*h**2 - 72*h + 207. Give q(3).
-621
Let y(n) = n**3 - 95*n**2 + 1691*n + 722. Determine y(71).
-201
Let m(g) = 8*g**2 - 1556*g - 18656. Determine m(-12).
1168
Let n(t) = -19791*t - 59419. Give n(-3).
-46
Let m(g) = -43*g**2 + 115*g + 2. Determine m(8).
-1830
Let p(m) = -1084*m - 61613. Calculate p(-59).
2343
Let r(v) = 239714*v + 17019679. What is r(-71)?
-15
Let x(q) = -59682*q - 417768. Give x(-7).
6
Let a(k) = -3*k**3 + 412*k**2 - 2370*k - 1. Give a(6).
-37
Let q(a) = a**3 - 223*a**2 + 2550*a - 4214. Determine q(10).
-14
Let z(u) = -167*u**2 + 1050*u - 266. What is z(6)?
22
Let f(w) = 6*w**3 - 601*w**2 + 546*w - 44593. Give f(100).
7
Let n(s) = -s**3 + 237*s**2 - 8070*s + 1389. Give n(41).
-5
Let m(p) = 3*p**2 + 4731*p + 591843. What is m(-137)?
3
Let t(g) = -4*g**3 - 81*g**2 - 701*g - 13622. What is t(-20)?
-2
Let o(g) = 197806*g - 4153921. What is o(21)?
5
Let l(b) = -2560*b**2 - 20480*b + 2. Give l(-8).
2
Let u(a) = a**2 + 328*a + 12061. Give u(-43).
-194
Let v(a) = a**2 - 55*a + 235. Give v(24).
-509
Let s(r) = 121*r**3 - 101*r**2 - 97*r + 2. Calculate s(-1).
-123
Let s(r) = -8*r + 722. Determine s(-40).
1042
Let z(o) = -81143*o + 567997. What is z(7)?
-4
Let d(w) = 959*w - 61403. Calculate d(64).
-27
Let c(k) = -832*k - 15844. Calculate c(-19).
-36
Let u(h) = h**3 + 16*h**2 + 4904*h + 53408. Give u(-11).
69
Let l(h) = 2*h**2 - 21*h - 72305. Give l(-185).
30
Let h(r) = -181*r + 2681. Give h(8).
1233
Let t(j) = -6*j**3 + 28*j**2 + 224*j - 1081. What is t(5)?
-11
Let g(p) = -2263*p - 303216. Calculate g(-134).
26
Let t(q) = q**2 + 170*q - 9388. Determine t(44).
28
Let y(z) = z**3 + 417*z**2 - 26497*z - 4155. Determine y(-473).
102
Let r(i) = i**3 + 825*i**2 + 30711*i + 2218. Calculate r(-39).
-5
Let w(o) = -154316*o - 2314720. Give w(-15).
20
Let y(u) = u**2 - 13*u - 423. Calculate y(32).
185
Let l(t) = 63*t**3 - 2*t**2 + 12*t - 4. Calculate l(-3).
-1759
Let x(t) = 3938*t - 1012100. Calculate x(257).
-34
Let p(y) = -2*y**2 + 514*y - 2043. Calculate p(4).
-19
Let a(j) = -j**3 + 106*j**2 - 1963*j + 182521. What is a(104)?
1
Let z(i) = -i**3 + 19*i**2 + 385*i - 7297. Give z(20).
3
Let o(i) = 4007*i + 176322. Give o(-44).
14
Let p(l) = -609*l**2 + 152*l - 20. Determine p(-2).
-2760
Let z(x) = x**2 - 11651*x - 186680. Determine z(-16).
-8
Let b(y) = -2*y**2 + 632*y - 46678. What is b(198)?
50
Let n(a) = -16*a**2 + 4444*a + 10087. Determine n(280).
7
Let t(q) = -3*q**2 + 76*q + 158. Give t(20).
478
Let d(g) = -4749*g - 2. Determine d(0).
-2
Let z(w) = -94*w**3 + 277*w**2 - 12*w + 43. Determine z(3).
-38
Let l(g) = -1882*g - 55955. Give l(-30).
505
Let r(x) = -227973*x - 4559451. Give r(-20).
9
Let n(j) = -j**3 - 23*j**2 - 55*j + 393. Give n(-18).
-237
Let l(o) = o**3 + 37*o**2 - 13*o + 388. Give l(-38).
-562
Let n(c) = 10863*c - 412807. What is n(38)?
-13
Let s(r) = -29576*r + 147808. Give s(5).
-72
Let q(g) = -2510*g - 346222. Give q(-138).
158
Let a(i) = i**3 - 337*i**2 - 69879*i + 1581. What is a(-145)?
-14
Let k(x) = -4*x**2 - 105*x + 2. Give k(-23).
301
Let s(n) = -208*n + 1827. What is s(9)?
-45
Let t(r) = -2*r**3 + 1245*r**2 - 54097*r - 12. Determine t(47).
-12
Let i(k) = 992*k**2 - 949*k. Calculate i(1).
43
Let x(d) = 4143*d + 1582665. What is x(-382)?
39
Let s(a) = 5*a**3 - 350*a**2 + 1237*a - 86546. Determine s(70).
44
Let h(m) = 992*m - 70398. What is h(71)?
34
Let n(i) = i**2 - 3235*i - 22659. Calculate n(-7).
35
Let g(n) = -n**3 - 60*n**2 - 700*n + 659. Determine g(-17).
132
Let p(n) = -4*n**2 - 269*n + 124182. Determine p(-213).
3
Let d(f) = 179*f**2 - 1527*f - 8. Calculate d(9).
748
Let q(v) = -4*v**2 - 615*v - 9220. Calculate q(-16).
-404
Let d(z) = z**3 + 7*z**2 + 47*z - 917. Calculate d(12).
2383
Let q(m) = -98*m**2 + 1051*m + 1. What is q(10)?
711
Let u(j) = -j**3 + 461*j**2 - 2271*j - 52. Determine u(5).
-7
Let g(y) = -30*y**2 - 275*y - 165. What is g(-8)?
115
Let l(i) = 487*i + 17905. Calculate l(-37).
-114
Let h(o) = -3461*o + 484042. Give h(140).
-498
Let x(g) = 52*g**2 - 725*g - 4. Give x(14).
38
Let c(n) = n**3 - 18*n**2 + 87*n + 172. Determine c(15).
802
Let d(k) = k**2 - 33*k - 9042. Calculate d(-80).
-2
Let b(g) = -196128*g - 1372912. Give b(-7).
-16
Let x(o) = o**3 - 81*o**2 + 319*o - 343. Determine x(77).
504
Let s(i) = 1340*i + 43015. Calculate s(-33).
-1205
Let o(y) = 1516*y + 976. Determine o(-1).
-540
Let m(k) = -2*k**3 - 223*k**2 - 535*k + 849. Give m(-109).
-241
Let y(u) = -15*u**2 - 1963*u + 6012. Determine y(3).
-12
Let m(g) = g**3 - 159*g**2 + 6049*g + 1983. What is m(64)?
-1
Let y(g) = 3*g**3 + 327*g**2 + 331*g + 789. Give y(-108).
33
Let t(m) = -1191*m + 136140. Give t(114).
366
Let u(j) = -1737591*j - 2. Give u(0).
-2
Let p(s) = 4*s**2 - 28586*s - 573309. Determine p(-20).
11
Let g(j) = 2883*j + 40736. Give g(-14).
374
Let w(j) = -7763*j + 2096012. Give w(270).
2
Let v(m) = -m**2 - 751781*m - 3758879. Calculate v(-5).
1
Let o(w) = 7429*w - 297165. What is o(40)?
-5
Let v(h) = -5*h**3 + 64*h**2 - 110*h + 34. Calculate v(10).
334
Let l(u) = 3*u**3 + 3295*u**2 - 12134*u - 13219. Give l(-1102).
5
Let t(x) = 3*x**2 - 1523*x + 31896. Calculate t(22).
-158
Let w(f) = -2*f**2 - 166*f - 1206. Calculate w(-8).
-6
Let o(y) = 4*y**3 - 121*y**2 + 126*y - 63. Give o(29).
-614
Let i(j) = -12*j**2 - 12002*j - 107049. What is i(-9)?
-3
Let d(q) = -2*q**2 + 2511*q - 14988. Calculate d(6).
6
Let l(d) = -90*d**2 - 512*d + 40. Give l(-6).
-128
Let k(p